ivide 8000?
False
Is 84878 a multiple of 74?
True
Is 17 a factor of 8450?
False
Is 3852 a multiple of 12?
True
Is 21 a factor of 480?
False
Is 15 a factor of 88304?
False
Does 9 divide 111?
False
Is 1547 a multiple of 7?
True
Is 375 a multiple of 16?
False
Does 17 divide 86?
False
Is 10 a factor of 8697?
False
Does 41 divide 548?
False
Does 20 divide 27020?
True
Is 3416 a multiple of 12?
False
Is 696 a multiple of 24?
True
Does 5 divide 5184?
False
Does 3 divide 19?
False
Does 4 divide 667?
False
Does 15 divide 2485?
False
Is 4 a factor of 216?
True
Is 91 a factor of 44226?
True
Does 149 divide 129787?
False
Is 1298 a multiple of 11?
True
Is 2870 a multiple of 5?
True
Does 3 divide 3301?
False
Does 118 divide 41074?
False
Does 40 divide 7104?
False
Is 14 a factor of 1982?
False
Is 28 a factor of 565?
False
Is 7419 a multiple of 38?
False
Is 59 a factor of 6431?
True
Is 432 a multiple of 73?
False
Is 1959 a multiple of 18?
False
Does 87 divide 174?
True
Does 37 divide 85248?
True
Does 14 divide 15155?
False
Does 31 divide 403?
True
Is 11343 a multiple of 57?
True
Is 453 a multiple of 26?
False
Is 712 a multiple of 29?
False
Is 775 a multiple of 25?
True
Is 15 a factor of 290?
False
Is 111 a factor of 2220?
True
Does 3 divide 10324?
False
Is 510 a multiple of 85?
True
Is 1444 a multiple of 76?
True
Is 69 a factor of 14835?
True
Is 15 a factor of 3675?
True
Is 71 a factor of 16624?
False
Is 919 even?
False
Is 23 a factor of 6311?
False
Is 49 a factor of 411?
False
Does 22 divide 91254?
False
Is 3770 a multiple of 10?
True
Is 49 a factor of 490?
True
Is 57 a factor of 1114?
False
Is 56 a multiple of 41?
False
Is 7 a factor of 9421?
False
Is 15 a factor of 986?
False
Is 8624 a multiple of 77?
True
Is 14 a factor of 70?
True
Does 7 divide 4214?
True
Is 46 a factor of 15812?
False
Does 9 divide 1443?
False
Is 21 a factor of 8043?
True
Does 16 divide 147?
False
Is 27 a factor of 1074?
False
Is 982 a multiple of 48?
False
Is 16 a factor of 350?
False
Does 7 divide 568?
False
Does 62 divide 8498?
False
Is 368 a multiple of 23?
True
Does 79 divide 542?
False
Does 7 divide 742?
True
Is 48484 a multiple of 23?
True
Is 2123 a multiple of 193?
True
Is 568 a multiple of 71?
True
Does 11 divide 56012?
True
Does 26 divide 4317?
False
Is 110 a factor of 18858?
False
Is 10 a factor of 1400?
True
Does 5 divide 2510?
True
Is 10197 a multiple of 17?
False
Is 68 a factor of 884?
True
Is 4625 a multiple of 2?
False
Is 27 a factor of 2331?
False
Is 312 a multiple of 12?
True
Does 15 divide 49796?
False
Does 9 divide 250?
False
Does 19 divide 855?
True
Is 2800 a multiple of 40?
True
Does 95 divide 5225?
True
Does 14 divide 119?
False
Is 14290 a multiple of 22?
False
Is 67 a multiple of 3?
False
Is 12 a factor of 43164?
True
Does 30 divide 360?
True
Is 42128 a multiple of 16?
True
Is 1440 a multiple of 32?
True
Is 99 a factor of 4520?
False
Does 16 divide 560?
True
Does 67 divide 201?
True
Is 6 a factor of 6912?
True
Does 85 divide 2987?
False
Is 1500 a multiple of 100?
True
Is 40 a multiple of 6?
False
Is 18 a factor of 21?
False
Is 17 a factor of 47447?
True
Does 180 divide 10810?
False
Does 2 divide 185?
False
Is 13148 a multiple of 15?
False
Is 18 a factor of 954?
True
Is 28533 a multiple of 32?
False
Is 4624 a multiple of 68?
True
Is 207 a factor of 2277?
True
Is 325 a factor of 17248?
False
Is 58083 a multiple of 205?
False
Is 30 a factor of 620?
False
Does 9 divide 4842?
True
Does 49 divide 2973?
False
Is 121264 a multiple of 26?
True
Is 1777 a multiple of 19?
False
Does 93 divide 2604?
True
Is 22 a factor of 2772?
True
Is 43134 a multiple of 158?
True
Does 84 divide 2644?
False
Does 221 divide 33239?
False
Is 2359 a multiple of 3?
False
Is 24 a multiple of 4?
True
Is 1170 a multiple of 45?
True
Is 4 a factor of 854?
False
Is 2604 a multiple of 28?
True
Does 16 divide 26160?
True
Is 91 a multiple of 44?
False
Is 465 a multiple of 31?
True
Is 635 a multiple of 2?
False
Does 11 divide 437?
False
Is 20 a factor of 45820?
True
Is 5358 a multiple of 38?
True
Does 144 divide 25056?
True
Does 4 divide 1388?
True
Is 177 a multiple of 51?
False
Is 2107 a multiple of 50?
False
Is 15 a factor of 41373?
False
Is 1053 a multiple of 14?
False
Is 75 a factor of 4425?
True
Is 3209 a multiple of 26?
False
Does 15 divide 20653?
False
Is 259 a factor of 148925?
True
Is 1296 a multiple of 81?
True
Is 143 a factor of 6578?
True
Does 177 divide 6549?
True
Is 14684 a multiple of 5?
False
Does 5 divide 1740?
True
Is 12402 a multiple of 29?
False
Does 210 divide 57396?
False
Is 11 a factor of 319?
True
Does 56 divide 3108?
False
Is 1281 a multiple of 21?
True
Is 11 a factor of 23?
False
Does 86 divide 7437?
False
Is 13373 a multiple of 16?
False
Is 6 a factor of 1298?
False
Is 18 a factor of 3426?
False
Does 48 divide 960?
True
Is 4197 a multiple of 54?
False
Is 10 a factor of 4841?
False
Is 160 a factor of 5600?
True
Is 18 a factor of 559?
False
Is 11 a factor of 748?
True
Does 69 divide 45402?
True
Is 660 a multiple of 30?
True
Is 73 a factor of 438?
True
Is 35587 a multiple of 19?
True
Is 71 a factor of 5698?
False
Is 37 a factor of 4921?
True
Is 45 a factor of 5255?
False
Is 14 a factor of 2156?
True
Is 7858 a multiple of 12?
False
Is 232 a multiple of 17?
False
Does 30 divide 1005?
False
Is 11485 a multiple of 18?
False
Is 2998 a multiple of 15?
False
Is 2120 a multiple of 5?
True
Does 20 divide 496?
False
Is 182 a factor of 21840?
True
Does 22 divide 308?
True
Is 22 a factor of 2569?
False
Does 22 divide 75482?
True
Is 55 a factor of 7236?
False
Is 35 a factor of 1050?
True
Is 20699 a multiple of 131?
False
Does 13 divide 1626?
False
Does 17 divide 162?
False
Is 151 a factor of 29747?
True
Does 89 divide 2492?
True
Is 44 a multiple of 14?
False
Is 200 a multiple of 60?
False
Is 88 a factor of 9592?
True
Does 15 divide 4221?
False
Does 13 divide 1950?
True
Is 89943 a multiple of 202?
False
Does 87 divide 8526?
True
Is 826 a multiple of 15?
False
Does 3 divide 576?
True
Is 7 a factor of 5948?
False
Is 14824 a multiple of 16?
False
Is 62 a multiple of 6?
False
Does 19 divide 1159?
True
Is 13 a factor of 611?
True
Is 27 a factor of 54541?
False
Is 37311 a multiple of 24?
False
Is 7448 a multiple of 38?
True
Is 6 a factor of 27396?
True
Is 8 a factor of 2840?
True
Is 11610 a multiple of 18?
True
Does 3 divide 146?
False
Is 4335 a multiple of 15?
True
Is 5908 a multiple of 51?
False
Is 245 a multiple of 49?
True
Is 2464 a multiple of 26?
False
Is 96 a multiple of 16?
True
Is 18345 a multiple of 236?
False
Is 65 a factor of 26390?
True
Does 18 divide 24143?
False
Is 1698 a multiple of 68?
False
Does 9 divide 1635?
False
Does 38 divide 736?
False
Does 6 divide 753?
False
Does 12 divide 1644?
True
Is 4 a factor of 201?
False
Is 1986 even?
True
Is 2 a factor of 321?
False
Is 1325 a multiple of 8?
False
Does 24 divide 5467?
False
Does 12 divide 132?
True
Does 11 divide 407?
True
Is 27352 a multiple of 52?
True
Does 5 divide 219?
False
Does 20 divide 2760?
True
Is 7920 a multiple of 80?
True
Does 22 divide 627?
False
Is 35 a factor of 8199?
False
Is 33720 a multiple of 25?
False
Does 20 divide 76223?
False
Does 13 divide 2852?
False
Is 210 a multiple of 21?
True
Does 24 divide 1704?
True
Does 12 divide 21144?
True
Is 9720 a multiple of 91?
False
Does 17 divide 606?
False
Does 7 divide 404?
False
Does 26 divide 702?
True
Does 19 divide 4370?
True
Does 16 divide 4052?
False
Does 11 divide 15004?
True
Is 5306 a multiple of 7?
True
Is 408 a multiple of 8?
True
Does 35 divide 2100?
True
Does 18 divide 1098?
True
Is 38 a factor of 3344?
True
Is 218 a multiple of 4?
False
Is 648 a multiple of 18?
True
Is 1067 a multiple of 3?
False
Is 245 a factor of 13494?
False
Does 15 divide 50299?
False
Is 27 a factor of 1566?
True
Is 5 a factor of 394?
False
Is 59 a factor of 177?
True
Is 34465 a multiple of 305?
True
Does 30 divide 5760?
True
Does 16 divide 2205?
False
Does 43 divide 180?
False
Is 57114 a multiple of 18?
True
Is 86 a factor of 3526?
True
Does 25 divide 52925?
True
Is 323 even?
False
Is 16 a factor of 7168?
True
Is 28 a factor of 27468?
True
Is 7196 a multiple of 28?
True
Is 47 a factor of 1034?
True
Is 428 a multiple of 21?
False
Is 996 a multiple of 38?
False
Is 10940 a multiple of 10?
Tru